n(r) = 5*r**3 - 18*r**2 - 38*r + 9. List the prime factors of n(9).
2, 3, 103
What are the prime factors of ((-7)/(-21))/(-1)*-174?
2, 29
Let z be (-1)/8*-4*(-4 - -20). Suppose 0 = -4*u - 4*t + 900, -z*t = -3*u - 4*t + 710. What are the prime factors of u?
2, 5, 23
Suppose -5*t + 1701 = 2*z - 197, 4*t = 2*z + 1504. What are the prime factors of t?
2, 3, 7
What are the prime factors of 898/8*-10*28/(-35)?
2, 449
Suppose 13*u = -6*u + 44270. List the prime factors of u.
2, 5, 233
Suppose 160 = -2*t + 6*t. Suppose k + 3*b = 9, 3*k - 5*b - t - 29 = 0. What are the prime factors of k?
2, 3
What are the prime factors of (-12504)/(-13) - (-4)/26?
2, 13, 37
Let j be 6/4 - 57/(-6). Suppose -570 = 5*v - j*v. List the prime factors of v.
5, 19
What are the prime factors of ((-5)/3)/(30/(-1170))?
5, 13
Let i(q) = 8*q + 2. Let v be i(9). Suppose 7*z - v = 6*z. List the prime factors of z.
2, 37
Suppose 4*i - 993 = -5*x, -4*x - i = x - 1002. List the prime factors of x.
3, 67
Let x = -4 + 15. List the prime factors of x.
11
Let j(y) = y**2 - 4*y + 3. Let s be j(2). Let t be (-5)/(2/s + 3). What are the prime factors of (-91)/t - (-3)/(-15)?
2, 3
Let j = -24 - -24. Suppose 2*l + 44 = 3*l - 4*b, 4*l + b - 91 = j. What are the prime factors of l?
2, 3
Suppose -4*k - 8 = -5*x, 3*k - 3*x + 1 = -2. Suppose -2*h + 93 = -2*b + 427, 15 = -k*b. What are the prime factors of h/6*-3 - 4?
2, 41
Let i(k) = 3 + 0*k + k**2 + 5 + k + 2*k. List the prime factors of i(-7).
2, 3
Let v = -9 + 11. Let a(u) = -u + 4. Let y be a(v). Suppose -57 = -y*q - 11. What are the prime factors of q?
23
Suppose -187*s + 14217 = -182*s - 2*q, 2*s + 2*q - 5698 = 0. List the prime factors of s.
5, 569
Let w(z) = z**2 - 58*z + 487. Let q be w(10). Suppose 0 = 2*j - 3*j - 4. What are the prime factors of q/(7/62) + j?
2, 29
Let m(h) = 6*h - 5. Let z(v) = v. Let s(g) = -m(g) + 5*z(g). Let r(x) = 2*x - 5. Let c(n) = -4*r(n) - 3*s(n). What are the prime factors of c(-4)?
5
Suppose -4*r - r - 5 = 0. Let q be r + (1 - 1 - 0). What are the prime factors of (q + -9)/((-2)/1)?
5
Let a = 46 - 43. What are the prime factors of 3/(-6) - a/(12/(-146))?
2, 3
Let c(u) = -u**3 - 6*u**2 + 7*u + 3. Let y = 15 - 22. Let h be c(y). Suppose -h*o = 4 - 16. What are the prime factors of o?
2
Let w(a) = a**2 - 6*a - 5. Let i be w(7). Let j(r) = 13*r + 1. Let t be j(2). Suppose -3*x - 3*o + 69 = 0, t = i*x - x + 5*o. What are the prime factors of x?
2, 11
What are the prime factors of ((-865680)/(-18))/10 - (-5)/(-15)?
3, 7, 229
Let m be (1 + 2)/(9/12). Suppose -m*x = -3*p + 2 - 0, -5*p - 5*x = 20. List the prime factors of -7 + 22 + p/(-1).
17
Let d = -41 - -74. Let s = 79 - d. Suppose 0 = 3*b + t - s, -2*b - 3*b + 5*t = -50. List the prime factors of b.
2, 7
Suppose 4*v - 257 = -17. Let j = 39 - v. Let y = j - -48. List the prime factors of y.
3
Let h be -25*(40/25)/(-2). Let y be 12/h + 3/(-5). Suppose 3*w + y*w = 21. What are the prime factors of w?
7
Suppose -96 = -a - 0*a. What are the prime factors of a?
2, 3
Let t(q) = -q + 5. Let r be t(-7). Let o be -3*4/(r/(-85)). List the prime factors of (1 + o)*6/12.
43
Suppose 4*v - 25 = 3*b, 6*v = -3*b + v + 11. List the prime factors of -2 + 60/(b - -8).
2, 5
Let r(w) = w**2 + w + 1. Let d be r(-1). Let c be 81 - (6 - (d - -2)). Suppose -2*l = 3*j - c + 3, 5*l + j - 207 = 0. What are the prime factors of l?
2, 3, 7
Let r = 406 + 1148. What are the prime factors of r?
2, 3, 7, 37
Let s = -244 - -273. List the prime factors of s.
29
Let n(b) = -b**3 - 4*b**2 + 5*b + 6. Let j be n(-5). Suppose j*u = 4 + 14. What are the prime factors of u?
3
Let m be (2 + -6)/(1/(-2)). Suppose -4*x + 24 = m. Suppose 3*c - 105 = -3*r, -8*c + x = -6*c. List the prime factors of r.
3, 11
Let t be ((-176)/(-24) + -7)*0. Let c be 1/1 + -1 - -5. Let x = t + c. List the prime factors of x.
5
List the prime factors of (-5)/1 - (-25828)/22.
7, 167
Suppose 2*z - 4*r = -12, 0*z + 5*r - 41 = -4*z. Suppose 0 = -n - z*n + l + 139, -n - 2*l = -30. Suppose -n + 162 = 2*c. List the prime factors of c.
67
Suppose -53820 = -571*f + 545*f. What are the prime factors of f?
2, 3, 5, 23
Let i(n) = 23*n**2 + 21*n + 17. What are the prime factors of i(-8)?
1321
Suppose -2*n + 880 = -2*i, 3*i + 2192 = -2*n + 7*n. List the prime factors of n.
2, 109
Let b be (2 - 4/4)*-1. What are the prime factors of (-6583)/(-174) + (b - 7/(-6))?
2, 19
Suppose -211 = 3*o + 2*g, -3*o + 5*o - 4*g = -130. Let x be (21/1)/((-3)/(-14)). Let q = o + x. List the prime factors of q.
29
Let j be 330/(-27) - 4/(-18) - -4. Let f(x) = x**3 + 10*x**2 - 4*x - 14. List the prime factors of f(j).
2, 73
Let m(a) = 7*a**3 - a**2 + 21*a - 29. Let l(f) = -10*f**3 + 2*f**2 - 31*f + 43. Let u(x) = -5*l(x) - 7*m(x). List the prime factors of u(4).
2, 3
List the prime factors of 4/((-24)/(-3210)) - -2.
3, 179
Let c(w) = 32 + 4*w - 3*w - 21. Let o be c(-6). Suppose j - 5 = -o*v, 4*v + 88 = 3*j - 22. List the prime factors of j.
2, 3, 5
Let g(s) = -s**3 + 6*s**2 + 18*s - 9. Let v be g(8). Suppose -3*r = -v*r + a + 1094, -r + 5*a = -264. List the prime factors of r.
2, 137
Suppose c = -3*p + 17 - 0, 0 = 2*p - 3*c + 7. Suppose -p*m - 28 = -l - 7, -4*l + m + 84 = 0. What are the prime factors of l?
3, 7
Let a be ((-4)/5)/((-6)/(-15)). Let r be (2/3)/(a/3). List the prime factors of (-11)/33*129/r.
43
What are the prime factors of 474555/1071 + 8/(-84)?
443
Suppose 8 = -5*j - 2*i, i + 5 = -j + 4*i. Let y = 4 + j. List the prime factors of y.
2
What are the prime factors of (-15832)/(-16) - (-5 - -4)/2?
2, 3, 5, 11
Let t be ((-1)/2)/(-4 - (-325)/80). Let f(r) = r**3 + 6*r**2 - 17*r. What are the prime factors of f(t)?
2
Let h be (-128)/(-72) - 4/(-18). Suppose 0 = -4*z - h*z. Suppose z = -4*i - 16, 0 = -5*c + i + 4*i + 140. What are the prime factors of c?
2, 3
Suppose 12 = -2*b - 3*d, -2*d + 5 = -6*b + 3*b. What are the prime factors of (-1)/b - (-1309)/51?
2, 13
Let q(p) = -p**3 + 16*p**2 - 16*p + 12. Let w be q(14). Suppose -z + 4*x + x = -w, 0 = 5*x + 20. List the prime factors of z.
2, 5
Let r(w) be the second derivative of w**3/6 + 7*w**2/2 - 8*w. Let g be r(-3). Suppose 2*q + l - 6 = g*l, -3*l = -5*q + 24. List the prime factors of q.
2, 3
What are the prime factors of (-46)/(-8)*912/19?
2, 3, 23
Suppose 0*z = 2*z + 594. Let q = z + 459. Suppose -5*i + b = -4*b - 225, 4*i = -5*b + q. List the prime factors of i.
43
Let b(h) = 2*h**3 + 16*h**2 + 2*h + 12. Let c be b(-8). Let k be (14/c)/(2/4). Let w(g) = -g**2 - 10*g - 16. List the prime factors of w(k).
5
Let k(o) = 6*o + 39*o**2 - o**3 - 32*o**2 + 2*o**3 - 1. Let j be k(-5). Suppose -77 - j = -4*c. List the prime factors of c.
2, 3
Let p be 40/(-3) + 12/36. Let z = -20 - p. Let l(d) = 2*d**2 + 7*d - 2. List the prime factors of l(z).
47
Let z = -98 + 97. List the prime factors of (-2)/(-6)*z + 370/30.
2, 3
Suppose 5*k = -2*h + 704, -9*k + 5*k = -5*h + 1694. List the prime factors of h.
2, 3, 19
Suppose 8*v + 3*n - 9772 = 3*v, 5 = -5*n. List the prime factors of v.
5, 17, 23
Let k(y) = 2*y - 1. Let n be k(2). Suppose 4*m = n*x - 0*x - 100, -4*x + 170 = 2*m. Suppose x = 5*l - 75. What are the prime factors of l?
23
Suppose 44*h + 3*t + 8731 = 46*h, 3*h - 3*t = 13092. List the prime factors of h.
7, 89
Suppose 0 = 2*g + 2*i + 30 - 36, -4*i - 6 = -5*g. What are the prime factors of g?
2
Suppose 5*t - 1448 = t - 3*u, 0 = -4*u + 16. Let g = t - 255. List the prime factors of g.
2, 13
Let k = 36 - 33. Let v be 30/2 + (-2 - -4). Let d = v - k. List the prime factors of d.
2, 7
Let c(w) = -17*w**2 + 3. Let x be c(-3). Let v = -100 - x. List the prime factors of v.
2, 5
Let u = 548 - 346. What are the prime factors of u?
2, 101
Let q(a) = a**3 - 4*a**2 - 5*a + 5. Let x be q(4). Let r = 90 - x. List the prime factors of r.
3, 5, 7
Let q(s) be the first derivative of -s**4/4 + 2*s**3 - s**2/2 + 8. Let r be q(6). List the prime factors of (-22)/((-2 + 4)/r).
2, 3, 11
Suppose 4*f = 36 + 36. Let u = f + -7. List the prime factors of u.
11
Suppose -15 = -3*t, 2*i - t - 2525 = 4*t. List the prime factors of i.
3, 5, 17
Let m = -478 - -939. What are the prime factors of m?
461
List the prime factors of -1048*(-2 - -1) + 2 + -5.
5, 11, 19
Let c = 41 + -32. List the prime factors of (-3)/2*(-1410)/c.
5, 47
Let m = -13